{"id":1856,"date":"2018-12-13T15:13:24","date_gmt":"2018-12-13T15:13:24","guid":{"rendered":"https:\/\/www.life-belini.be\/portfolio-item\/herwaardering-zenne-paepsemlaan\/"},"modified":"2021-02-08T14:29:43","modified_gmt":"2021-02-08T14:29:43","slug":"revitalisation_senne_paepsem","status":"publish","type":"portfolio","link":"https:\/\/www.life-belini.be\/fr\/portfolio-item\/revitalisation_senne_paepsem\/","title":{"rendered":"Revitalisation de la Senne au boulevard Paepsem"},"content":{"rendered":"<p><strong>Bruxelles Environnement r\u00e9alise dans le sud de la R\u00e9gion de Bruxelles-Capitale des travaux de mise en valeur des rives de la Senne le long du boulevard Paepsem, \u00e0 Anderlecht. L\u2019objectif est de r\u00e9habiliter et d\u2019embellir naturellement un tron\u00e7on d\u2019un kilom\u00e8tre de rives. D\u00e9marr\u00e9s en septembre 2018, les travaux sont inaugur\u00e9s en\u00a0<\/strong><strong>Mars 2020,\u00a0<\/strong><strong>au d\u00e9but du campagne Rivi\u00e8res Fi\u00e8res.<\/strong><\/p>\n<p>Le projet vise, d\u2019une part, la restauration et la pr\u00e9servation de la biodiversit\u00e9 \u00e0 travers la renaturalisation de la zone, et, d\u2019autre part, la cr\u00e9ation d\u2019un espace de rencontre et de promenade, en rive droite, o\u00f9 les passants pourront venir se ressourcer et \u00e9chapper au stress urbain le temps d\u2019une balade au bord de l\u2019eau.<\/p>\n<p><strong>Donner de la visibilit\u00e9 \u00e0 un espace de verdure<\/strong><\/p>\n<p>La premi\u00e8re phase des travaux s\u2019est d\u00e9roul\u00e9e en septembre et octobre\u00a02018 et consistait \u00e0 ouvrir le paysage et donner plus de visibilit\u00e9 sur cet espace de verdure depuis le boulevard et le trottoir en supprimant, \u00e9claircissant ou coupant les plantes invasives. Des esp\u00e8ces v\u00e9g\u00e9tales plus adapt\u00e9es seront plant\u00e9es dans une phase ult\u00e9rieure. Des enrochements ont \u00e9galement \u00e9t\u00e9 plac\u00e9s \u00e0 diff\u00e9rents endroits et \u00e0 diff\u00e9rentes fins\u00a0:<\/p>\n<ul>\n<li>Dans le lit de la rivi\u00e8re, des enrochements sont plac\u00e9s strat\u00e9giquement pour, d\u2019une part, cr\u00e9er des zones de fraie destin\u00e9es \u00e0 soutenir la reproduction des poissons qui reviennent tout doucement habiter les eaux de notre R\u00e9gion et, d\u2019autre part, pour diversifier les \u00e9coulements au sein de la Senne. Ces enrochements, appel\u00e9s \u00ab\u00a0\u00e9pis\u00a0\u00bb, permettent ainsi le (re)d\u00e9veloppement de la faune et de la flore dans et aux abords de la Senne.<\/li>\n<li>Des enrochements et empierrements ont \u00e9galement \u00e9t\u00e9 dispos\u00e9s en des endroits pr\u00e9cis sur les berges afin de guider l\u2019\u00e9coulement dans la rivi\u00e8re des eaux de ruissellement en provenance des voiries. Ces am\u00e9nagements ont permis de cr\u00e9er des noues (foss\u00e9s v\u00e9g\u00e9talis\u00e9s peu profonds et larges) tout en contr\u00f4lant l\u2019\u00e9rosion des berges. Ces noues, qui seront plant\u00e9es d\u2019h\u00e9lophytes, ont pour but d\u2019accueillir ces eaux de ruissellement et de les stocker en les filtrant (proc\u00e9d\u00e9 de lagunage) avant leur rejet vers la Senne.<\/li>\n<\/ul>\n","protected":false},"excerpt":{"rendered":"<p>Bruxelles Environnement r\u00e9alise dans le sud de la R\u00e9gion de Bruxelles-Capitale des travaux de mise en valeur des rives de la Senne le long du boulevard Paepsem, \u00e0 Anderlecht.<\/p>\n","protected":false},"author":6,"featured_media":2922,"comment_status":"closed","ping_status":"closed","template":"","meta":{"_acf_changed":false,"_exactmetrics_skip_tracking":false,"_exactmetrics_sitenote_active":false,"_exactmetrics_sitenote_note":"","_exactmetrics_sitenote_category":0,"footnotes":""},"tags":[],"portfolio_entries":[35],"class_list":["post-1856","portfolio","type-portfolio","status-publish","has-post-thumbnail","hentry","portfolio_entries-subproject-fr"],"acf":[],"yoast_head":"<!-- This site is optimized with the Yoast SEO plugin v27.4 - https:\/\/yoast.com\/product\/yoast-seo-wordpress\/ -->\n<title>Revitalisation de la Senne au boulevard Paepsem - LIFE Belini<\/title>\n<meta name=\"robots\" content=\"index, follow, max-snippet:-1, max-image-preview:large, max-video-preview:-1\" \/>\n<link rel=\"canonical\" href=\"https:\/\/www.life-belini.be\/fr\/portfolio-item\/revitalisation_senne_paepsem\/\" \/>\n<meta property=\"og:locale\" content=\"fr_FR\" \/>\n<meta property=\"og:type\" content=\"article\" \/>\n<meta property=\"og:title\" content=\"Revitalisation de la Senne au boulevard Paepsem - LIFE Belini\" \/>\n<meta property=\"og:description\" content=\"Bruxelles Environnement r\u00e9alise dans le sud de la R\u00e9gion de Bruxelles-Capitale des travaux de mise en valeur des rives de la Senne le long du boulevard Paepsem, \u00e0 Anderlecht.\" \/>\n<meta property=\"og:url\" content=\"https:\/\/www.life-belini.be\/fr\/portfolio-item\/revitalisation_senne_paepsem\/\" \/>\n<meta property=\"og:site_name\" content=\"LIFE Belini\" \/>\n<meta property=\"article:modified_time\" content=\"2021-02-08T14:29:43+00:00\" \/>\n<meta property=\"og:image\" content=\"https:\/\/www.life-belini.be\/wp-content\/uploads\/2018\/12\/Paepsem.png\" \/>\n\t<meta property=\"og:image:width\" content=\"421\" \/>\n\t<meta property=\"og:image:height\" content=\"431\" \/>\n\t<meta property=\"og:image:type\" content=\"image\/png\" \/>\n<meta name=\"twitter:card\" content=\"summary_large_image\" \/>\n<meta name=\"twitter:label1\" content=\"Dur\u00e9e de lecture estim\u00e9e\" \/>\n\t<meta name=\"twitter:data1\" content=\"2 minutes\" \/>\n<script type=\"application\/ld+json\" class=\"yoast-schema-graph\">{\"@context\":\"https:\\\/\\\/schema.org\",\"@graph\":[{\"@type\":\"WebPage\",\"@id\":\"https:\\\/\\\/www.life-belini.be\\\/fr\\\/portfolio-item\\\/revitalisation_senne_paepsem\\\/\",\"url\":\"https:\\\/\\\/www.life-belini.be\\\/fr\\\/portfolio-item\\\/revitalisation_senne_paepsem\\\/\",\"name\":\"Revitalisation de la Senne au boulevard Paepsem - LIFE Belini\",\"isPartOf\":{\"@id\":\"https:\\\/\\\/www.life-belini.be\\\/nl\\\/#website\"},\"primaryImageOfPage\":{\"@id\":\"https:\\\/\\\/www.life-belini.be\\\/fr\\\/portfolio-item\\\/revitalisation_senne_paepsem\\\/#primaryimage\"},\"image\":{\"@id\":\"https:\\\/\\\/www.life-belini.be\\\/fr\\\/portfolio-item\\\/revitalisation_senne_paepsem\\\/#primaryimage\"},\"thumbnailUrl\":\"https:\\\/\\\/www.life-belini.be\\\/wp-content\\\/uploads\\\/2018\\\/12\\\/Paepsem.png\",\"datePublished\":\"2018-12-13T15:13:24+00:00\",\"dateModified\":\"2021-02-08T14:29:43+00:00\",\"breadcrumb\":{\"@id\":\"https:\\\/\\\/www.life-belini.be\\\/fr\\\/portfolio-item\\\/revitalisation_senne_paepsem\\\/#breadcrumb\"},\"inLanguage\":\"fr-FR\",\"potentialAction\":[{\"@type\":\"ReadAction\",\"target\":[\"https:\\\/\\\/www.life-belini.be\\\/fr\\\/portfolio-item\\\/revitalisation_senne_paepsem\\\/\"]}]},{\"@type\":\"ImageObject\",\"inLanguage\":\"fr-FR\",\"@id\":\"https:\\\/\\\/www.life-belini.be\\\/fr\\\/portfolio-item\\\/revitalisation_senne_paepsem\\\/#primaryimage\",\"url\":\"https:\\\/\\\/www.life-belini.be\\\/wp-content\\\/uploads\\\/2018\\\/12\\\/Paepsem.png\",\"contentUrl\":\"https:\\\/\\\/www.life-belini.be\\\/wp-content\\\/uploads\\\/2018\\\/12\\\/Paepsem.png\",\"width\":421,\"height\":431},{\"@type\":\"BreadcrumbList\",\"@id\":\"https:\\\/\\\/www.life-belini.be\\\/fr\\\/portfolio-item\\\/revitalisation_senne_paepsem\\\/#breadcrumb\",\"itemListElement\":[{\"@type\":\"ListItem\",\"position\":1,\"name\":\"Home\",\"item\":\"https:\\\/\\\/www.life-belini.be\\\/fr\\\/home-2\\\/\"},{\"@type\":\"ListItem\",\"position\":2,\"name\":\"Revitalisation de la Senne au boulevard Paepsem\"}]},{\"@type\":\"WebSite\",\"@id\":\"https:\\\/\\\/www.life-belini.be\\\/nl\\\/#website\",\"url\":\"https:\\\/\\\/www.life-belini.be\\\/nl\\\/\",\"name\":\"LIFE Belini\",\"description\":\"Belgian initiative for making a leap forward towards good status in the river basin district of the Scheldt\",\"potentialAction\":[{\"@type\":\"SearchAction\",\"target\":{\"@type\":\"EntryPoint\",\"urlTemplate\":\"https:\\\/\\\/www.life-belini.be\\\/nl\\\/?s={search_term_string}\"},\"query-input\":{\"@type\":\"PropertyValueSpecification\",\"valueRequired\":true,\"valueName\":\"search_term_string\"}}],\"inLanguage\":\"fr-FR\"}]}<\/script>\n<!-- \/ Yoast SEO plugin. -->","yoast_head_json":{"title":"Revitalisation de la Senne au boulevard Paepsem - LIFE Belini","robots":{"index":"index","follow":"follow","max-snippet":"max-snippet:-1","max-image-preview":"max-image-preview:large","max-video-preview":"max-video-preview:-1"},"canonical":"https:\/\/www.life-belini.be\/fr\/portfolio-item\/revitalisation_senne_paepsem\/","og_locale":"fr_FR","og_type":"article","og_title":"Revitalisation de la Senne au boulevard Paepsem - LIFE Belini","og_description":"Bruxelles Environnement r\u00e9alise dans le sud de la R\u00e9gion de Bruxelles-Capitale des travaux de mise en valeur des rives de la Senne le long du boulevard Paepsem, \u00e0 Anderlecht.","og_url":"https:\/\/www.life-belini.be\/fr\/portfolio-item\/revitalisation_senne_paepsem\/","og_site_name":"LIFE Belini","article_modified_time":"2021-02-08T14:29:43+00:00","og_image":[{"width":421,"height":431,"url":"https:\/\/www.life-belini.be\/wp-content\/uploads\/2018\/12\/Paepsem.png","type":"image\/png"}],"twitter_card":"summary_large_image","twitter_misc":{"Dur\u00e9e de lecture estim\u00e9e":"2 minutes"},"schema":{"@context":"https:\/\/schema.org","@graph":[{"@type":"WebPage","@id":"https:\/\/www.life-belini.be\/fr\/portfolio-item\/revitalisation_senne_paepsem\/","url":"https:\/\/www.life-belini.be\/fr\/portfolio-item\/revitalisation_senne_paepsem\/","name":"Revitalisation de la Senne au boulevard Paepsem - LIFE Belini","isPartOf":{"@id":"https:\/\/www.life-belini.be\/nl\/#website"},"primaryImageOfPage":{"@id":"https:\/\/www.life-belini.be\/fr\/portfolio-item\/revitalisation_senne_paepsem\/#primaryimage"},"image":{"@id":"https:\/\/www.life-belini.be\/fr\/portfolio-item\/revitalisation_senne_paepsem\/#primaryimage"},"thumbnailUrl":"https:\/\/www.life-belini.be\/wp-content\/uploads\/2018\/12\/Paepsem.png","datePublished":"2018-12-13T15:13:24+00:00","dateModified":"2021-02-08T14:29:43+00:00","breadcrumb":{"@id":"https:\/\/www.life-belini.be\/fr\/portfolio-item\/revitalisation_senne_paepsem\/#breadcrumb"},"inLanguage":"fr-FR","potentialAction":[{"@type":"ReadAction","target":["https:\/\/www.life-belini.be\/fr\/portfolio-item\/revitalisation_senne_paepsem\/"]}]},{"@type":"ImageObject","inLanguage":"fr-FR","@id":"https:\/\/www.life-belini.be\/fr\/portfolio-item\/revitalisation_senne_paepsem\/#primaryimage","url":"https:\/\/www.life-belini.be\/wp-content\/uploads\/2018\/12\/Paepsem.png","contentUrl":"https:\/\/www.life-belini.be\/wp-content\/uploads\/2018\/12\/Paepsem.png","width":421,"height":431},{"@type":"BreadcrumbList","@id":"https:\/\/www.life-belini.be\/fr\/portfolio-item\/revitalisation_senne_paepsem\/#breadcrumb","itemListElement":[{"@type":"ListItem","position":1,"name":"Home","item":"https:\/\/www.life-belini.be\/fr\/home-2\/"},{"@type":"ListItem","position":2,"name":"Revitalisation de la Senne au boulevard Paepsem"}]},{"@type":"WebSite","@id":"https:\/\/www.life-belini.be\/nl\/#website","url":"https:\/\/www.life-belini.be\/nl\/","name":"LIFE Belini","description":"Belgian initiative for making a leap forward towards good status in the river basin district of the Scheldt","potentialAction":[{"@type":"SearchAction","target":{"@type":"EntryPoint","urlTemplate":"https:\/\/www.life-belini.be\/nl\/?s={search_term_string}"},"query-input":{"@type":"PropertyValueSpecification","valueRequired":true,"valueName":"search_term_string"}}],"inLanguage":"fr-FR"}]}},"_links":{"self":[{"href":"https:\/\/www.life-belini.be\/fr\/wp-json\/wp\/v2\/portfolio\/1856","targetHints":{"allow":["GET"]}}],"collection":[{"href":"https:\/\/www.life-belini.be\/fr\/wp-json\/wp\/v2\/portfolio"}],"about":[{"href":"https:\/\/www.life-belini.be\/fr\/wp-json\/wp\/v2\/types\/portfolio"}],"author":[{"embeddable":true,"href":"https:\/\/www.life-belini.be\/fr\/wp-json\/wp\/v2\/users\/6"}],"replies":[{"embeddable":true,"href":"https:\/\/www.life-belini.be\/fr\/wp-json\/wp\/v2\/comments?post=1856"}],"version-history":[{"count":0,"href":"https:\/\/www.life-belini.be\/fr\/wp-json\/wp\/v2\/portfolio\/1856\/revisions"}],"wp:featuredmedia":[{"embeddable":true,"href":"https:\/\/www.life-belini.be\/fr\/wp-json\/wp\/v2\/media\/2922"}],"wp:attachment":[{"href":"https:\/\/www.life-belini.be\/fr\/wp-json\/wp\/v2\/media?parent=1856"}],"wp:term":[{"taxonomy":"post_tag","embeddable":true,"href":"https:\/\/www.life-belini.be\/fr\/wp-json\/wp\/v2\/tags?post=1856"},{"taxonomy":"portfolio_entries","embeddable":true,"href":"https:\/\/www.life-belini.be\/fr\/wp-json\/wp\/v2\/portfolio_entries?post=1856"}],"curies":[{"name":"wp","href":"https:\/\/api.w.org\/{rel}","templated":true}]}}

<p><strong>Bruxelles Environnement réalise dans le sud de la Région de Bruxelles-Capitale des travaux de mise en valeur des rives de la Senne le long du boulevard Paepsem, à Anderlecht. L’objectif est de réhabiliter et d’embellir naturellement un tronçon d’un kilomètre de rives. Démarrés en septembre 2018, les travaux sont inaugurés en </strong><strong>Mars 2020, </strong><strong>au début du campagne Rivières Fières.</strong></p>
<p>Le projet vise, d’une part, la restauration et la préservation de la biodiversité à travers la renaturalisation de la zone, et, d’autre part, la création d’un espace de rencontre et de promenade, en rive droite, où les passants pourront venir se ressourcer et échapper au stress urbain le temps d’une balade au bord de l’eau.</p>
<p><strong>Donner de la visibilité à un espace de verdure</strong></p>
<p>La première phase des travaux s’est déroulée en septembre et octobre 2018 et consistait à ouvrir le paysage et donner plus de visibilité sur cet espace de verdure depuis le boulevard et le trottoir en supprimant, éclaircissant ou coupant les plantes invasives. Des espèces végétales plus adaptées seront plantées dans une phase ultérieure. Des enrochements ont également été placés à différents endroits et à différentes fins :</p>
<ul>
<li>Dans le lit de la rivière, des enrochements sont placés stratégiquement pour, d’une part, créer des zones de fraie destinées à soutenir la reproduction des poissons qui reviennent tout doucement habiter les eaux de notre Région et, d’autre part, pour diversifier les écoulements au sein de la Senne. Ces enrochements, appelés « épis », permettent ainsi le (re)développement de la faune et de la flore dans et aux abords de la Senne.</li>
<li>Des enrochements et empierrements ont également été disposés en des endroits précis sur les berges afin de guider l’écoulement dans la rivière des eaux de ruissellement en provenance des voiries. Ces aménagements ont permis de créer des noues (fossés végétalisés peu profonds et larges) tout en contrôlant l’érosion des berges. Ces noues, qui seront plantées d’hélophytes, ont pour but d’accueillir ces eaux de ruissellement et de les stocker en les filtrant (procédé de lagunage) avant leur rejet vers la Senne.</li>
</ul>

<p>Bruxelles Environnement réalise dans le sud de la Région de Bruxelles-Capitale des travaux de mise en valeur des rives de la Senne le long du boulevard Paepsem, à Anderlecht.</p>

<!-- This site is optimized with the Yoast SEO plugin v27.4 - https://yoast.com/product/yoast-seo-wordpress/ -->
<title>Revitalisation de la Senne au boulevard Paepsem - LIFE Belini</title>
<meta name="robots" content="index, follow, max-snippet:-1, max-image-preview:large, max-video-preview:-1" />
<link rel="canonical" href="https://www.life-belini.be/fr/portfolio-item/revitalisation_senne_paepsem/" />
<meta property="og:locale" content="fr_FR" />
<meta property="og:type" content="article" />
<meta property="og:title" content="Revitalisation de la Senne au boulevard Paepsem - LIFE Belini" />
<meta property="og:description" content="Bruxelles Environnement réalise dans le sud de la Région de Bruxelles-Capitale des travaux de mise en valeur des rives de la Senne le long du boulevard Paepsem, à Anderlecht." />
<meta property="og:url" content="https://www.life-belini.be/fr/portfolio-item/revitalisation_senne_paepsem/" />
<meta property="og:site_name" content="LIFE Belini" />
<meta property="article:modified_time" content="2021-02-08T14:29:43+00:00" />
<meta property="og:image" content="https://www.life-belini.be/wp-content/uploads/2018/12/Paepsem.png" />
	<meta property="og:image:width" content="421" />
	<meta property="og:image:height" content="431" />
	<meta property="og:image:type" content="image/png" />
<meta name="twitter:card" content="summary_large_image" />
<meta name="twitter:label1" content="Durée de lecture estimée" />
	<meta name="twitter:data1" content="2 minutes" />
<script type="application/ld+json" class="yoast-schema-graph">{"@context":"https:\/\/schema.org","@graph":[{"@type":"WebPage","@id":"https:\/\/www.life-belini.be\/fr\/portfolio-item\/revitalisation_senne_paepsem\/","url":"https:\/\/www.life-belini.be\/fr\/portfolio-item\/revitalisation_senne_paepsem\/","name":"Revitalisation de la Senne au boulevard Paepsem - LIFE Belini","isPartOf":{"@id":"https:\/\/www.life-belini.be\/nl\/#website"},"primaryImageOfPage":{"@id":"https:\/\/www.life-belini.be\/fr\/portfolio-item\/revitalisation_senne_paepsem\/#primaryimage"},"image":{"@id":"https:\/\/www.life-belini.be\/fr\/portfolio-item\/revitalisation_senne_paepsem\/#primaryimage"},"thumbnailUrl":"https:\/\/www.life-belini.be\/wp-content\/uploads\/2018\/12\/Paepsem.png","datePublished":"2018-12-13T15:13:24+00:00","dateModified":"2021-02-08T14:29:43+00:00","breadcrumb":{"@id":"https:\/\/www.life-belini.be\/fr\/portfolio-item\/revitalisation_senne_paepsem\/#breadcrumb"},"inLanguage":"fr-FR","potentialAction":[{"@type":"ReadAction","target":["https:\/\/www.life-belini.be\/fr\/portfolio-item\/revitalisation_senne_paepsem\/"]}]},{"@type":"ImageObject","inLanguage":"fr-FR","@id":"https:\/\/www.life-belini.be\/fr\/portfolio-item\/revitalisation_senne_paepsem\/#primaryimage","url":"https:\/\/www.life-belini.be\/wp-content\/uploads\/2018\/12\/Paepsem.png","contentUrl":"https:\/\/www.life-belini.be\/wp-content\/uploads\/2018\/12\/Paepsem.png","width":421,"height":431},{"@type":"BreadcrumbList","@id":"https:\/\/www.life-belini.be\/fr\/portfolio-item\/revitalisation_senne_paepsem\/#breadcrumb","itemListElement":[{"@type":"ListItem","position":1,"name":"Home","item":"https:\/\/www.life-belini.be\/fr\/home-2\/"},{"@type":"ListItem","position":2,"name":"Revitalisation de la Senne au boulevard Paepsem"}]},{"@type":"WebSite","@id":"https:\/\/www.life-belini.be\/nl\/#website","url":"https:\/\/www.life-belini.be\/nl\/","name":"LIFE Belini","description":"Belgian initiative for making a leap forward towards good status in the river basin district of the Scheldt","potentialAction":[{"@type":"SearchAction","target":{"@type":"EntryPoint","urlTemplate":"https:\/\/www.life-belini.be\/nl\/?s={search_term_string}"},"query-input":{"@type":"PropertyValueSpecification","valueRequired":true,"valueName":"search_term_string"}}],"inLanguage":"fr-FR"}]}</script>
<!-- / Yoast SEO plugin. -->

Bruxelles Environnement réalise dans le sud de la Région de Bruxelles-Capitale des travaux de mise en valeur des rives de la Senne le long du boulevard Paepsem, à Anderlecht.
