{"id":1176,"date":"2018-02-01T12:39:26","date_gmt":"2018-02-01T12:39:26","guid":{"rendered":"https:\/\/www.life-belini.be\/portfolio-item\/volume-deau\/"},"modified":"2022-10-05T09:24:21","modified_gmt":"2022-10-05T09:24:21","slug":"quantite-deau","status":"publish","type":"portfolio","link":"https:\/\/www.life-belini.be\/fr\/portfolio-item\/quantite-deau\/","title":{"rendered":"Quantit\u00e9 d\u2019eau"},"content":{"rendered":"<p class=\"p1\"><b>La r\u00e9gion concern\u00e9e par le projet est connue pour sa forte densit\u00e9 de population, ce qui va souvent de pair avec un manque de r\u00e9tention de l\u2019eau. Ces mesures entendent augmenter la capacit\u00e9 naturelle de r\u00e9tention de l\u2019eau, ce qui permet de r\u00e9duire le risque d\u2019inondation et exerce un impact positif sur la biodiversit\u00e9.\u00a0<\/b><\/p>\n<p>Dans les zones citadines ou urbanis\u00e9es, il est souvent difficile de garantir une r\u00e9tention d\u2019eau suffisante. Par cons\u00e9quent, Belini vise \u00e0 accro\u00eetre la capacit\u00e9 naturelle de r\u00e9tention de l\u2019eau, par exemple le long de la Senne et du Hain sur la partie amont du bassin de la Senne (en Wallonie). Des zones inondables ont en outre \u00e9t\u00e9 construites \u00e0 Halle et cet endroit abrite plusieurs projets de r\u00e9am\u00e9nagement total du territoire et du cours d\u2019eau comme, par exemple, dans la vall\u00e9e du Molenbeek et de l\u2019Yse. Dans la vall\u00e9e du D\u00e9mer, \u00e0 Diest, un ancien m\u00e9andre a de nouveau \u00e9t\u00e9 reli\u00e9 au D\u00e9mer.<\/p>\n<h4>La rem\u00e9andration<\/h4>\n<p>Il est possible d\u2019accro\u00eetre la capacit\u00e9 de r\u00e9tention d\u2019un cours d\u2019eau en creusant ou en reliant \u00e0 ce cours d\u2019eau les courbes de rivi\u00e8res (m\u00e9andres) qui en \u00e9taient coup\u00e9es. Le cours d\u2019eau retrouve alors progressivement son \u00e9tat naturel, il gagne en longueur et il devient apte \u00e0 retenir une plus grande quantit\u00e9 d\u2019eau. Une rivi\u00e8re sinueuse se caract\u00e9rise par une plus grande diversit\u00e9 de courants, de berges, de profondeurs et de zones peu profondes, en plus de l\u2019am\u00e9lioration de la biodiversit\u00e9. Cela favorise \u00e9galement l\u2019\u00e9puration naturelle de la rivi\u00e8re.<\/p>\n","protected":false},"excerpt":{"rendered":"<p>Ces mesures entendent augmenter la capacit\u00e9 naturelle de r\u00e9tention de l\u2019eau, ce qui permet de r\u00e9duire les inondations et a un impact positif sur la biodiversit\u00e9.<\/p>\n","protected":false},"author":6,"featured_media":2931,"comment_status":"closed","ping_status":"closed","template":"","meta":{"_acf_changed":false,"_exactmetrics_skip_tracking":false,"_exactmetrics_sitenote_active":false,"_exactmetrics_sitenote_note":"","_exactmetrics_sitenote_category":0,"footnotes":""},"tags":[],"portfolio_entries":[33],"class_list":["post-1176","portfolio","type-portfolio","status-publish","has-post-thumbnail","hentry","portfolio_entries-project"],"acf":[],"yoast_head":"<!-- This site is optimized with the Yoast SEO plugin v27.4 - https:\/\/yoast.com\/product\/yoast-seo-wordpress\/ -->\n<title>Quantit\u00e9 d\u2019eau - LIFE Belini<\/title>\n<meta name=\"robots\" content=\"index, follow, max-snippet:-1, max-image-preview:large, max-video-preview:-1\" \/>\n<link rel=\"canonical\" href=\"https:\/\/www.life-belini.be\/fr\/portfolio-item\/quantite-deau\/\" \/>\n<meta property=\"og:locale\" content=\"fr_FR\" \/>\n<meta property=\"og:type\" content=\"article\" \/>\n<meta property=\"og:title\" content=\"Quantit\u00e9 d\u2019eau - LIFE Belini\" \/>\n<meta property=\"og:description\" content=\"Ces mesures entendent augmenter la capacit\u00e9 naturelle de r\u00e9tention de l\u2019eau, ce qui permet de r\u00e9duire les inondations et a un impact positif sur la biodiversit\u00e9.\" \/>\n<meta property=\"og:url\" content=\"https:\/\/www.life-belini.be\/fr\/portfolio-item\/quantite-deau\/\" \/>\n<meta property=\"og:site_name\" content=\"LIFE Belini\" \/>\n<meta property=\"article:modified_time\" content=\"2022-10-05T09:24:21+00:00\" \/>\n<meta property=\"og:image\" content=\"https:\/\/www.life-belini.be\/wp-content\/uploads\/2017\/06\/Dijle-Doode-Beemde-overstromen.jpg\" \/>\n\t<meta property=\"og:image:width\" content=\"3947\" \/>\n\t<meta property=\"og:image:height\" content=\"2732\" \/>\n\t<meta property=\"og:image:type\" content=\"image\/jpeg\" \/>\n<meta name=\"twitter:card\" content=\"summary_large_image\" \/>\n<meta name=\"twitter:label1\" content=\"Dur\u00e9e de lecture estim\u00e9e\" \/>\n\t<meta name=\"twitter:data1\" content=\"2 minutes\" \/>\n<script type=\"application\/ld+json\" class=\"yoast-schema-graph\">{\"@context\":\"https:\\\/\\\/schema.org\",\"@graph\":[{\"@type\":\"WebPage\",\"@id\":\"https:\\\/\\\/www.life-belini.be\\\/fr\\\/portfolio-item\\\/quantite-deau\\\/\",\"url\":\"https:\\\/\\\/www.life-belini.be\\\/fr\\\/portfolio-item\\\/quantite-deau\\\/\",\"name\":\"Quantit\u00e9 d\u2019eau - LIFE Belini\",\"isPartOf\":{\"@id\":\"https:\\\/\\\/www.life-belini.be\\\/nl\\\/#website\"},\"primaryImageOfPage\":{\"@id\":\"https:\\\/\\\/www.life-belini.be\\\/fr\\\/portfolio-item\\\/quantite-deau\\\/#primaryimage\"},\"image\":{\"@id\":\"https:\\\/\\\/www.life-belini.be\\\/fr\\\/portfolio-item\\\/quantite-deau\\\/#primaryimage\"},\"thumbnailUrl\":\"https:\\\/\\\/www.life-belini.be\\\/wp-content\\\/uploads\\\/2017\\\/06\\\/Dijle-Doode-Beemde-overstromen.jpg\",\"datePublished\":\"2018-02-01T12:39:26+00:00\",\"dateModified\":\"2022-10-05T09:24:21+00:00\",\"breadcrumb\":{\"@id\":\"https:\\\/\\\/www.life-belini.be\\\/fr\\\/portfolio-item\\\/quantite-deau\\\/#breadcrumb\"},\"inLanguage\":\"fr-FR\",\"potentialAction\":[{\"@type\":\"ReadAction\",\"target\":[\"https:\\\/\\\/www.life-belini.be\\\/fr\\\/portfolio-item\\\/quantite-deau\\\/\"]}]},{\"@type\":\"ImageObject\",\"inLanguage\":\"fr-FR\",\"@id\":\"https:\\\/\\\/www.life-belini.be\\\/fr\\\/portfolio-item\\\/quantite-deau\\\/#primaryimage\",\"url\":\"https:\\\/\\\/www.life-belini.be\\\/wp-content\\\/uploads\\\/2017\\\/06\\\/Dijle-Doode-Beemde-overstromen.jpg\",\"contentUrl\":\"https:\\\/\\\/www.life-belini.be\\\/wp-content\\\/uploads\\\/2017\\\/06\\\/Dijle-Doode-Beemde-overstromen.jpg\",\"width\":3947,\"height\":2732},{\"@type\":\"BreadcrumbList\",\"@id\":\"https:\\\/\\\/www.life-belini.be\\\/fr\\\/portfolio-item\\\/quantite-deau\\\/#breadcrumb\",\"itemListElement\":[{\"@type\":\"ListItem\",\"position\":1,\"name\":\"Home\",\"item\":\"https:\\\/\\\/www.life-belini.be\\\/fr\\\/home-2\\\/\"},{\"@type\":\"ListItem\",\"position\":2,\"name\":\"Quantit\u00e9 d\u2019eau\"}]},{\"@type\":\"WebSite\",\"@id\":\"https:\\\/\\\/www.life-belini.be\\\/nl\\\/#website\",\"url\":\"https:\\\/\\\/www.life-belini.be\\\/nl\\\/\",\"name\":\"LIFE Belini\",\"description\":\"Belgian initiative for making a leap forward towards good status in the river basin district of the Scheldt\",\"potentialAction\":[{\"@type\":\"SearchAction\",\"target\":{\"@type\":\"EntryPoint\",\"urlTemplate\":\"https:\\\/\\\/www.life-belini.be\\\/nl\\\/?s={search_term_string}\"},\"query-input\":{\"@type\":\"PropertyValueSpecification\",\"valueRequired\":true,\"valueName\":\"search_term_string\"}}],\"inLanguage\":\"fr-FR\"}]}<\/script>\n<!-- \/ Yoast SEO plugin. -->","yoast_head_json":{"title":"Quantit\u00e9 d\u2019eau - LIFE Belini","robots":{"index":"index","follow":"follow","max-snippet":"max-snippet:-1","max-image-preview":"max-image-preview:large","max-video-preview":"max-video-preview:-1"},"canonical":"https:\/\/www.life-belini.be\/fr\/portfolio-item\/quantite-deau\/","og_locale":"fr_FR","og_type":"article","og_title":"Quantit\u00e9 d\u2019eau - LIFE Belini","og_description":"Ces mesures entendent augmenter la capacit\u00e9 naturelle de r\u00e9tention de l\u2019eau, ce qui permet de r\u00e9duire les inondations et a un impact positif sur la biodiversit\u00e9.","og_url":"https:\/\/www.life-belini.be\/fr\/portfolio-item\/quantite-deau\/","og_site_name":"LIFE Belini","article_modified_time":"2022-10-05T09:24:21+00:00","og_image":[{"width":3947,"height":2732,"url":"https:\/\/www.life-belini.be\/wp-content\/uploads\/2017\/06\/Dijle-Doode-Beemde-overstromen.jpg","type":"image\/jpeg"}],"twitter_card":"summary_large_image","twitter_misc":{"Dur\u00e9e de lecture estim\u00e9e":"2 minutes"},"schema":{"@context":"https:\/\/schema.org","@graph":[{"@type":"WebPage","@id":"https:\/\/www.life-belini.be\/fr\/portfolio-item\/quantite-deau\/","url":"https:\/\/www.life-belini.be\/fr\/portfolio-item\/quantite-deau\/","name":"Quantit\u00e9 d\u2019eau - LIFE Belini","isPartOf":{"@id":"https:\/\/www.life-belini.be\/nl\/#website"},"primaryImageOfPage":{"@id":"https:\/\/www.life-belini.be\/fr\/portfolio-item\/quantite-deau\/#primaryimage"},"image":{"@id":"https:\/\/www.life-belini.be\/fr\/portfolio-item\/quantite-deau\/#primaryimage"},"thumbnailUrl":"https:\/\/www.life-belini.be\/wp-content\/uploads\/2017\/06\/Dijle-Doode-Beemde-overstromen.jpg","datePublished":"2018-02-01T12:39:26+00:00","dateModified":"2022-10-05T09:24:21+00:00","breadcrumb":{"@id":"https:\/\/www.life-belini.be\/fr\/portfolio-item\/quantite-deau\/#breadcrumb"},"inLanguage":"fr-FR","potentialAction":[{"@type":"ReadAction","target":["https:\/\/www.life-belini.be\/fr\/portfolio-item\/quantite-deau\/"]}]},{"@type":"ImageObject","inLanguage":"fr-FR","@id":"https:\/\/www.life-belini.be\/fr\/portfolio-item\/quantite-deau\/#primaryimage","url":"https:\/\/www.life-belini.be\/wp-content\/uploads\/2017\/06\/Dijle-Doode-Beemde-overstromen.jpg","contentUrl":"https:\/\/www.life-belini.be\/wp-content\/uploads\/2017\/06\/Dijle-Doode-Beemde-overstromen.jpg","width":3947,"height":2732},{"@type":"BreadcrumbList","@id":"https:\/\/www.life-belini.be\/fr\/portfolio-item\/quantite-deau\/#breadcrumb","itemListElement":[{"@type":"ListItem","position":1,"name":"Home","item":"https:\/\/www.life-belini.be\/fr\/home-2\/"},{"@type":"ListItem","position":2,"name":"Quantit\u00e9 d\u2019eau"}]},{"@type":"WebSite","@id":"https:\/\/www.life-belini.be\/nl\/#website","url":"https:\/\/www.life-belini.be\/nl\/","name":"LIFE Belini","description":"Belgian initiative for making a leap forward towards good status in the river basin district of the Scheldt","potentialAction":[{"@type":"SearchAction","target":{"@type":"EntryPoint","urlTemplate":"https:\/\/www.life-belini.be\/nl\/?s={search_term_string}"},"query-input":{"@type":"PropertyValueSpecification","valueRequired":true,"valueName":"search_term_string"}}],"inLanguage":"fr-FR"}]}},"_links":{"self":[{"href":"https:\/\/www.life-belini.be\/fr\/wp-json\/wp\/v2\/portfolio\/1176","targetHints":{"allow":["GET"]}}],"collection":[{"href":"https:\/\/www.life-belini.be\/fr\/wp-json\/wp\/v2\/portfolio"}],"about":[{"href":"https:\/\/www.life-belini.be\/fr\/wp-json\/wp\/v2\/types\/portfolio"}],"author":[{"embeddable":true,"href":"https:\/\/www.life-belini.be\/fr\/wp-json\/wp\/v2\/users\/6"}],"replies":[{"embeddable":true,"href":"https:\/\/www.life-belini.be\/fr\/wp-json\/wp\/v2\/comments?post=1176"}],"version-history":[{"count":1,"href":"https:\/\/www.life-belini.be\/fr\/wp-json\/wp\/v2\/portfolio\/1176\/revisions"}],"predecessor-version":[{"id":7280,"href":"https:\/\/www.life-belini.be\/fr\/wp-json\/wp\/v2\/portfolio\/1176\/revisions\/7280"}],"wp:featuredmedia":[{"embeddable":true,"href":"https:\/\/www.life-belini.be\/fr\/wp-json\/wp\/v2\/media\/2931"}],"wp:attachment":[{"href":"https:\/\/www.life-belini.be\/fr\/wp-json\/wp\/v2\/media?parent=1176"}],"wp:term":[{"taxonomy":"post_tag","embeddable":true,"href":"https:\/\/www.life-belini.be\/fr\/wp-json\/wp\/v2\/tags?post=1176"},{"taxonomy":"portfolio_entries","embeddable":true,"href":"https:\/\/www.life-belini.be\/fr\/wp-json\/wp\/v2\/portfolio_entries?post=1176"}],"curies":[{"name":"wp","href":"https:\/\/api.w.org\/{rel}","templated":true}]}}

Quantité d’eau

<p class="p1"><b>La région concernée par le projet est connue pour sa forte densité de population, ce qui va souvent de pair avec un manque de rétention de l’eau. Ces mesures entendent augmenter la capacité naturelle de rétention de l’eau, ce qui permet de réduire le risque d’inondation et exerce un impact positif sur la biodiversité. </b></p>
<p>Dans les zones citadines ou urbanisées, il est souvent difficile de garantir une rétention d’eau suffisante. Par conséquent, Belini vise à accroître la capacité naturelle de rétention de l’eau, par exemple le long de la Senne et du Hain sur la partie amont du bassin de la Senne (en Wallonie). Des zones inondables ont en outre été construites à Halle et cet endroit abrite plusieurs projets de réaménagement total du territoire et du cours d’eau comme, par exemple, dans la vallée du Molenbeek et de l’Yse. Dans la vallée du Démer, à Diest, un ancien méandre a de nouveau été relié au Démer.</p>
<h4>La reméandration</h4>
<p>Il est possible d’accroître la capacité de rétention d’un cours d’eau en creusant ou en reliant à ce cours d’eau les courbes de rivières (méandres) qui en étaient coupées. Le cours d’eau retrouve alors progressivement son état naturel, il gagne en longueur et il devient apte à retenir une plus grande quantité d’eau. Une rivière sinueuse se caractérise par une plus grande diversité de courants, de berges, de profondeurs et de zones peu profondes, en plus de l’amélioration de la biodiversité. Cela favorise également l’épuration naturelle de la rivière.</p>

<p>Ces mesures entendent augmenter la capacité naturelle de rétention de l’eau, ce qui permet de réduire les inondations et a un impact positif sur la biodiversité.</p>

<!-- This site is optimized with the Yoast SEO plugin v27.4 - https://yoast.com/product/yoast-seo-wordpress/ -->
<title>Quantité d’eau - LIFE Belini</title>
<meta name="robots" content="index, follow, max-snippet:-1, max-image-preview:large, max-video-preview:-1" />
<link rel="canonical" href="https://www.life-belini.be/fr/portfolio-item/quantite-deau/" />
<meta property="og:locale" content="fr_FR" />
<meta property="og:type" content="article" />
<meta property="og:title" content="Quantité d’eau - LIFE Belini" />
<meta property="og:description" content="Ces mesures entendent augmenter la capacité naturelle de rétention de l’eau, ce qui permet de réduire les inondations et a un impact positif sur la biodiversité." />
<meta property="og:url" content="https://www.life-belini.be/fr/portfolio-item/quantite-deau/" />
<meta property="og:site_name" content="LIFE Belini" />
<meta property="article:modified_time" content="2022-10-05T09:24:21+00:00" />
<meta property="og:image" content="https://www.life-belini.be/wp-content/uploads/2017/06/Dijle-Doode-Beemde-overstromen.jpg" />
	<meta property="og:image:width" content="3947" />
	<meta property="og:image:height" content="2732" />
	<meta property="og:image:type" content="image/jpeg" />
<meta name="twitter:card" content="summary_large_image" />
<meta name="twitter:label1" content="Durée de lecture estimée" />
	<meta name="twitter:data1" content="2 minutes" />
<script type="application/ld+json" class="yoast-schema-graph">{"@context":"https:\/\/schema.org","@graph":[{"@type":"WebPage","@id":"https:\/\/www.life-belini.be\/fr\/portfolio-item\/quantite-deau\/","url":"https:\/\/www.life-belini.be\/fr\/portfolio-item\/quantite-deau\/","name":"Quantité d’eau - LIFE Belini","isPartOf":{"@id":"https:\/\/www.life-belini.be\/nl\/#website"},"primaryImageOfPage":{"@id":"https:\/\/www.life-belini.be\/fr\/portfolio-item\/quantite-deau\/#primaryimage"},"image":{"@id":"https:\/\/www.life-belini.be\/fr\/portfolio-item\/quantite-deau\/#primaryimage"},"thumbnailUrl":"https:\/\/www.life-belini.be\/wp-content\/uploads\/2017\/06\/Dijle-Doode-Beemde-overstromen.jpg","datePublished":"2018-02-01T12:39:26+00:00","dateModified":"2022-10-05T09:24:21+00:00","breadcrumb":{"@id":"https:\/\/www.life-belini.be\/fr\/portfolio-item\/quantite-deau\/#breadcrumb"},"inLanguage":"fr-FR","potentialAction":[{"@type":"ReadAction","target":["https:\/\/www.life-belini.be\/fr\/portfolio-item\/quantite-deau\/"]}]},{"@type":"ImageObject","inLanguage":"fr-FR","@id":"https:\/\/www.life-belini.be\/fr\/portfolio-item\/quantite-deau\/#primaryimage","url":"https:\/\/www.life-belini.be\/wp-content\/uploads\/2017\/06\/Dijle-Doode-Beemde-overstromen.jpg","contentUrl":"https:\/\/www.life-belini.be\/wp-content\/uploads\/2017\/06\/Dijle-Doode-Beemde-overstromen.jpg","width":3947,"height":2732},{"@type":"BreadcrumbList","@id":"https:\/\/www.life-belini.be\/fr\/portfolio-item\/quantite-deau\/#breadcrumb","itemListElement":[{"@type":"ListItem","position":1,"name":"Home","item":"https:\/\/www.life-belini.be\/fr\/home-2\/"},{"@type":"ListItem","position":2,"name":"Quantité d’eau"}]},{"@type":"WebSite","@id":"https:\/\/www.life-belini.be\/nl\/#website","url":"https:\/\/www.life-belini.be\/nl\/","name":"LIFE Belini","description":"Belgian initiative for making a leap forward towards good status in the river basin district of the Scheldt","potentialAction":[{"@type":"SearchAction","target":{"@type":"EntryPoint","urlTemplate":"https:\/\/www.life-belini.be\/nl\/?s={search_term_string}"},"query-input":{"@type":"PropertyValueSpecification","valueRequired":true,"valueName":"search_term_string"}}],"inLanguage":"fr-FR"}]}</script>
<!-- / Yoast SEO plugin. -->

Quantité d’eau - LIFE Belini

Ces mesures entendent augmenter la capacité naturelle de rétention de l’eau, ce qui permet de réduire les inondations et a un impact positif sur la biodiversité.
