{"id":1141,"date":"2018-02-01T11:15:59","date_gmt":"2018-02-01T11:15:59","guid":{"rendered":"https:\/\/www.life-belini.be\/portfolio-item\/politique\/"},"modified":"2021-02-10T10:18:38","modified_gmt":"2021-02-10T10:18:38","slug":"politique","status":"publish","type":"portfolio","link":"https:\/\/www.life-belini.be\/fr\/portfolio-item\/politique\/","title":{"rendered":"Politique"},"content":{"rendered":"<section class=\"av_textblock_section\">\n<div class=\"avia_textblock \">\n<h4>En Belgique, la l\u00e9gislation environnementale est d\u00e9finie \u00e0 l\u2019\u00e9chelle r\u00e9gionale. La Flandre, Bruxelles et la Wallonie g\u00e8rent ind\u00e9pendamment la mise en \u0153uvre de la directive-cadre de l\u2019eau. \u00c0 l\u2019issue de l\u2019\u00e9valuation des plans de gestion par bassin hydrographique, il est apparu indispensable d\u2019instaurer une collaboration plus \u00e9troite et plus concr\u00e8te entre les R\u00e9gions.<\/h4>\n<p>C\u2019est la raison pour laquelle une nouvelle plateforme de concertation intra-belge a vu le jour au sein du Comit\u00e9 de Coordination de la Politique Internationale de l\u2019Environnement (CCPIE). Cette \u00ab plateforme de concertation sur l\u2019eau \u00bb vise \u00e0 susciter des discussions sur la mise en \u0153uvre de la comp\u00e9tence r\u00e9gionale \u00e0 un niveau plus large. VMM, la Direction g\u00e9n\u00e9rale de l\u2019Agriculture, des Ressources Naturelles et de l\u2019Environnement (DGO3) du Service Public de Wallonie (SPW) et BIM-IBGE travaillent en \u00e9troite collaboration pour garantir une meilleure coordination dans la mise en \u0153uvre de la directive-cadre sur l\u2019eau. \u00c0 l\u2019\u00e9chelle locale, en ce qui concerne les bassins de la Senne, de la Dyle et de la Gette, cette mise en \u0153uvre est abord\u00e9e dans le cadre d\u2019une concertation transfrontali\u00e8re sur l\u2019eau (GOW).<\/p>\n<h4>Des groupes d\u2019experts y stimulent l\u2019\u00e9change de connaissances<\/h4>\n<p><span lang=\"FR-BE\">Depuis les balbutiements de ce projet, plusieurs groupes de pilotage et d\u2019experts se sont r\u00e9unis. Des groupes d\u2019experts ont \u00e9t\u00e9 constitu\u00e9s autour de diff\u00e9rents th\u00e8mes, dont les polluants sp\u00e9cifiques de bassins hydrographiques (1), l\u2019analyse GAP \u00a0pour l\u2019agriculture (2) et les anomalies (3). Ils ont pour vocation d\u2019\u00e9changer leurs connaissances sur ces sujets particuliers afin d\u2019examiner de quelle mani\u00e8re la politique dans ce domaine peut \u00eatre davantage harmonis\u00e9e dans les trois R\u00e9gions.<\/span><\/p>\n<p><span lang=\"FR-BE\">La concertation transfrontali\u00e8re sur l\u2019eau vise \u00e0 promouvoir l\u2019\u00e9change de connaissances et d\u2019expertise dans la lutte contre les esp\u00e8ces exotiques (ex.\u00a0: la Balsamine de l\u2019Himalaya), la gestion du volume d\u2019eau (inondations et s\u00e9cheresse), la protection des esp\u00e8ces animales (ex.\u00a0: le castor d\u2019Europe) et la planification et le suivi des infrastructures d\u2019assainissement, les stations d\u2019\u00e9puration, etc., entre les autorit\u00e9s r\u00e9gionales comp\u00e9tentes et les parties prenantes \u00e0 l\u2019\u00e9chelle locale (ex.\u00a0: Contrat de Rivi\u00e8re, Intercommunale du Brabant wallon, la province du Brabant flamand, Regionaal Landschap\u2026).<\/span><\/p>\n<p><strong>Vers une analyse commune de la pression et de l\u2019impact<\/strong><\/p>\n<p>Un groupe d\u2019experts s\u2019est constitu\u00e9 au sein du VMM, de la DGO3 et de Bruxelles Environnement afin d\u2019effectuer une analyse transfrontali\u00e8re mieux coordonn\u00e9e de la pression et de l\u2019impact. Dans un premier temps, les donn\u00e9es et les mod\u00e8les r\u00e9gionaux sont compar\u00e9s et \u00e9valu\u00e9s. Les charges qui transitent par les rivi\u00e8res transr\u00e9gionales sont compar\u00e9es et document\u00e9es (la Lys, la Dendre, l\u2019Escaut, la Senne, la Dyle, la Lasne et la Gette). Nous nous focalisons ensuite sur les \u00e9missions d\u2019azote, de HAP et de cadmium. \u00c0 l\u2019aune de cette \u00e9tude comparative, nous \u00e9laborons une strat\u00e9gie qui fait office d\u2019\u00e9tude pilote pour le bassin de la Senne.<\/p>\n<\/div>\n<\/section>\n<div class=\"avia-image-container av-styling- avia-builder-el-4 el_after_av_textblock el_before_av_social_share avia-align-center \">\n<div class=\"avia-image-container-inner\"><img decoding=\"async\" class=\"avia_image lazyload\" title=\"waterlandschap\" data-src=\"https:\/\/life-belini.be\/wp-content\/uploads\/2017\/08\/Untitled-design-12-1500x430.png\" alt=\"\" src=\"data:image\/svg+xml;base64,PHN2ZyB3aWR0aD0iMSIgaGVpZ2h0PSIxIiB4bWxucz0iaHR0cDovL3d3dy53My5vcmcvMjAwMC9zdmciPjwvc3ZnPg==\" style=\"--smush-placeholder-width: 1500px; --smush-placeholder-aspect-ratio: 1500\/430;\" \/><\/div>\n<\/div>\n","protected":false},"excerpt":{"rendered":"<p>La Flandre, Bruxelles et la Wallonie g\u00e8rent ind\u00e9pendamment la mise en \u0153uvre de la directive-cadre du l\u2019eau. Une meilleure coop\u00e9ration entre les R\u00e9gions devrait aboutir \u00e0 de meilleurs r\u00e9sultats.<\/p>\n","protected":false},"author":6,"featured_media":3121,"comment_status":"closed","ping_status":"closed","template":"","meta":{"_acf_changed":false,"_exactmetrics_skip_tracking":false,"_exactmetrics_sitenote_active":false,"_exactmetrics_sitenote_note":"","_exactmetrics_sitenote_category":0,"footnotes":""},"tags":[],"portfolio_entries":[46,47],"class_list":["post-1141","portfolio","type-portfolio","status-publish","has-post-thumbnail","hentry","portfolio_entries-homethemas-fr","portfolio_entries-themas-fr"],"acf":[],"yoast_head":"<!-- This site is optimized with the Yoast SEO plugin v27.4 - https:\/\/yoast.com\/product\/yoast-seo-wordpress\/ -->\n<title>Politique - LIFE Belini<\/title>\n<meta name=\"robots\" content=\"index, follow, max-snippet:-1, max-image-preview:large, max-video-preview:-1\" \/>\n<link rel=\"canonical\" href=\"https:\/\/www.life-belini.be\/fr\/portfolio-item\/politique\/\" \/>\n<meta property=\"og:locale\" content=\"fr_FR\" \/>\n<meta property=\"og:type\" content=\"article\" \/>\n<meta property=\"og:title\" content=\"Politique - LIFE Belini\" \/>\n<meta property=\"og:description\" content=\"La Flandre, Bruxelles et la Wallonie g\u00e8rent ind\u00e9pendamment la mise en \u0153uvre de la directive-cadre du l\u2019eau. Une meilleure coop\u00e9ration entre les R\u00e9gions devrait aboutir \u00e0 de meilleurs r\u00e9sultats.\" \/>\n<meta property=\"og:url\" content=\"https:\/\/www.life-belini.be\/fr\/portfolio-item\/politique\/\" \/>\n<meta property=\"og:site_name\" content=\"LIFE Belini\" \/>\n<meta property=\"article:modified_time\" content=\"2021-02-10T10:18:38+00:00\" \/>\n<meta property=\"og:image\" content=\"https:\/\/www.life-belini.be\/wp-content\/uploads\/2017\/06\/IMG_9075.jpg\" \/>\n\t<meta property=\"og:image:width\" content=\"1500\" \/>\n\t<meta property=\"og:image:height\" content=\"1000\" \/>\n\t<meta property=\"og:image:type\" content=\"image\/jpeg\" \/>\n<meta name=\"twitter:card\" content=\"summary_large_image\" \/>\n<meta name=\"twitter:label1\" content=\"Dur\u00e9e de lecture estim\u00e9e\" \/>\n\t<meta name=\"twitter:data1\" content=\"3 minutes\" \/>\n<script type=\"application\/ld+json\" class=\"yoast-schema-graph\">{\"@context\":\"https:\\\/\\\/schema.org\",\"@graph\":[{\"@type\":\"WebPage\",\"@id\":\"https:\\\/\\\/www.life-belini.be\\\/fr\\\/portfolio-item\\\/politique\\\/\",\"url\":\"https:\\\/\\\/www.life-belini.be\\\/fr\\\/portfolio-item\\\/politique\\\/\",\"name\":\"Politique - LIFE Belini\",\"isPartOf\":{\"@id\":\"https:\\\/\\\/www.life-belini.be\\\/nl\\\/#website\"},\"primaryImageOfPage\":{\"@id\":\"https:\\\/\\\/www.life-belini.be\\\/fr\\\/portfolio-item\\\/politique\\\/#primaryimage\"},\"image\":{\"@id\":\"https:\\\/\\\/www.life-belini.be\\\/fr\\\/portfolio-item\\\/politique\\\/#primaryimage\"},\"thumbnailUrl\":\"https:\\\/\\\/www.life-belini.be\\\/wp-content\\\/uploads\\\/2017\\\/06\\\/IMG_9075.jpg\",\"datePublished\":\"2018-02-01T11:15:59+00:00\",\"dateModified\":\"2021-02-10T10:18:38+00:00\",\"breadcrumb\":{\"@id\":\"https:\\\/\\\/www.life-belini.be\\\/fr\\\/portfolio-item\\\/politique\\\/#breadcrumb\"},\"inLanguage\":\"fr-FR\",\"potentialAction\":[{\"@type\":\"ReadAction\",\"target\":[\"https:\\\/\\\/www.life-belini.be\\\/fr\\\/portfolio-item\\\/politique\\\/\"]}]},{\"@type\":\"ImageObject\",\"inLanguage\":\"fr-FR\",\"@id\":\"https:\\\/\\\/www.life-belini.be\\\/fr\\\/portfolio-item\\\/politique\\\/#primaryimage\",\"url\":\"https:\\\/\\\/www.life-belini.be\\\/wp-content\\\/uploads\\\/2017\\\/06\\\/IMG_9075.jpg\",\"contentUrl\":\"https:\\\/\\\/www.life-belini.be\\\/wp-content\\\/uploads\\\/2017\\\/06\\\/IMG_9075.jpg\",\"width\":1500,\"height\":1000},{\"@type\":\"BreadcrumbList\",\"@id\":\"https:\\\/\\\/www.life-belini.be\\\/fr\\\/portfolio-item\\\/politique\\\/#breadcrumb\",\"itemListElement\":[{\"@type\":\"ListItem\",\"position\":1,\"name\":\"Home\",\"item\":\"https:\\\/\\\/www.life-belini.be\\\/fr\\\/home-2\\\/\"},{\"@type\":\"ListItem\",\"position\":2,\"name\":\"Politique\"}]},{\"@type\":\"WebSite\",\"@id\":\"https:\\\/\\\/www.life-belini.be\\\/nl\\\/#website\",\"url\":\"https:\\\/\\\/www.life-belini.be\\\/nl\\\/\",\"name\":\"LIFE Belini\",\"description\":\"Belgian initiative for making a leap forward towards good status in the river basin district of the Scheldt\",\"potentialAction\":[{\"@type\":\"SearchAction\",\"target\":{\"@type\":\"EntryPoint\",\"urlTemplate\":\"https:\\\/\\\/www.life-belini.be\\\/nl\\\/?s={search_term_string}\"},\"query-input\":{\"@type\":\"PropertyValueSpecification\",\"valueRequired\":true,\"valueName\":\"search_term_string\"}}],\"inLanguage\":\"fr-FR\"}]}<\/script>\n<!-- \/ Yoast SEO plugin. -->","yoast_head_json":{"title":"Politique - LIFE Belini","robots":{"index":"index","follow":"follow","max-snippet":"max-snippet:-1","max-image-preview":"max-image-preview:large","max-video-preview":"max-video-preview:-1"},"canonical":"https:\/\/www.life-belini.be\/fr\/portfolio-item\/politique\/","og_locale":"fr_FR","og_type":"article","og_title":"Politique - LIFE Belini","og_description":"La Flandre, Bruxelles et la Wallonie g\u00e8rent ind\u00e9pendamment la mise en \u0153uvre de la directive-cadre du l\u2019eau. Une meilleure coop\u00e9ration entre les R\u00e9gions devrait aboutir \u00e0 de meilleurs r\u00e9sultats.","og_url":"https:\/\/www.life-belini.be\/fr\/portfolio-item\/politique\/","og_site_name":"LIFE Belini","article_modified_time":"2021-02-10T10:18:38+00:00","og_image":[{"width":1500,"height":1000,"url":"https:\/\/www.life-belini.be\/wp-content\/uploads\/2017\/06\/IMG_9075.jpg","type":"image\/jpeg"}],"twitter_card":"summary_large_image","twitter_misc":{"Dur\u00e9e de lecture estim\u00e9e":"3 minutes"},"schema":{"@context":"https:\/\/schema.org","@graph":[{"@type":"WebPage","@id":"https:\/\/www.life-belini.be\/fr\/portfolio-item\/politique\/","url":"https:\/\/www.life-belini.be\/fr\/portfolio-item\/politique\/","name":"Politique - LIFE Belini","isPartOf":{"@id":"https:\/\/www.life-belini.be\/nl\/#website"},"primaryImageOfPage":{"@id":"https:\/\/www.life-belini.be\/fr\/portfolio-item\/politique\/#primaryimage"},"image":{"@id":"https:\/\/www.life-belini.be\/fr\/portfolio-item\/politique\/#primaryimage"},"thumbnailUrl":"https:\/\/www.life-belini.be\/wp-content\/uploads\/2017\/06\/IMG_9075.jpg","datePublished":"2018-02-01T11:15:59+00:00","dateModified":"2021-02-10T10:18:38+00:00","breadcrumb":{"@id":"https:\/\/www.life-belini.be\/fr\/portfolio-item\/politique\/#breadcrumb"},"inLanguage":"fr-FR","potentialAction":[{"@type":"ReadAction","target":["https:\/\/www.life-belini.be\/fr\/portfolio-item\/politique\/"]}]},{"@type":"ImageObject","inLanguage":"fr-FR","@id":"https:\/\/www.life-belini.be\/fr\/portfolio-item\/politique\/#primaryimage","url":"https:\/\/www.life-belini.be\/wp-content\/uploads\/2017\/06\/IMG_9075.jpg","contentUrl":"https:\/\/www.life-belini.be\/wp-content\/uploads\/2017\/06\/IMG_9075.jpg","width":1500,"height":1000},{"@type":"BreadcrumbList","@id":"https:\/\/www.life-belini.be\/fr\/portfolio-item\/politique\/#breadcrumb","itemListElement":[{"@type":"ListItem","position":1,"name":"Home","item":"https:\/\/www.life-belini.be\/fr\/home-2\/"},{"@type":"ListItem","position":2,"name":"Politique"}]},{"@type":"WebSite","@id":"https:\/\/www.life-belini.be\/nl\/#website","url":"https:\/\/www.life-belini.be\/nl\/","name":"LIFE Belini","description":"Belgian initiative for making a leap forward towards good status in the river basin district of the Scheldt","potentialAction":[{"@type":"SearchAction","target":{"@type":"EntryPoint","urlTemplate":"https:\/\/www.life-belini.be\/nl\/?s={search_term_string}"},"query-input":{"@type":"PropertyValueSpecification","valueRequired":true,"valueName":"search_term_string"}}],"inLanguage":"fr-FR"}]}},"_links":{"self":[{"href":"https:\/\/www.life-belini.be\/fr\/wp-json\/wp\/v2\/portfolio\/1141","targetHints":{"allow":["GET"]}}],"collection":[{"href":"https:\/\/www.life-belini.be\/fr\/wp-json\/wp\/v2\/portfolio"}],"about":[{"href":"https:\/\/www.life-belini.be\/fr\/wp-json\/wp\/v2\/types\/portfolio"}],"author":[{"embeddable":true,"href":"https:\/\/www.life-belini.be\/fr\/wp-json\/wp\/v2\/users\/6"}],"replies":[{"embeddable":true,"href":"https:\/\/www.life-belini.be\/fr\/wp-json\/wp\/v2\/comments?post=1141"}],"version-history":[{"count":0,"href":"https:\/\/www.life-belini.be\/fr\/wp-json\/wp\/v2\/portfolio\/1141\/revisions"}],"wp:featuredmedia":[{"embeddable":true,"href":"https:\/\/www.life-belini.be\/fr\/wp-json\/wp\/v2\/media\/3121"}],"wp:attachment":[{"href":"https:\/\/www.life-belini.be\/fr\/wp-json\/wp\/v2\/media?parent=1141"}],"wp:term":[{"taxonomy":"post_tag","embeddable":true,"href":"https:\/\/www.life-belini.be\/fr\/wp-json\/wp\/v2\/tags?post=1141"},{"taxonomy":"portfolio_entries","embeddable":true,"href":"https:\/\/www.life-belini.be\/fr\/wp-json\/wp\/v2\/portfolio_entries?post=1141"}],"curies":[{"name":"wp","href":"https:\/\/api.w.org\/{rel}","templated":true}]}}

<section class="av_textblock_section">
<div class="avia_textblock ">
<h4>En Belgique, la législation environnementale est définie à l’échelle régionale. La Flandre, Bruxelles et la Wallonie gèrent indépendamment la mise en œuvre de la directive-cadre de l’eau. À l’issue de l’évaluation des plans de gestion par bassin hydrographique, il est apparu indispensable d’instaurer une collaboration plus étroite et plus concrète entre les Régions.</h4>
<p>C’est la raison pour laquelle une nouvelle plateforme de concertation intra-belge a vu le jour au sein du Comité de Coordination de la Politique Internationale de l’Environnement (CCPIE). Cette « plateforme de concertation sur l’eau » vise à susciter des discussions sur la mise en œuvre de la compétence régionale à un niveau plus large. VMM, la Direction générale de l’Agriculture, des Ressources Naturelles et de l’Environnement (DGO3) du Service Public de Wallonie (SPW) et BIM-IBGE travaillent en étroite collaboration pour garantir une meilleure coordination dans la mise en œuvre de la directive-cadre sur l’eau. À l’échelle locale, en ce qui concerne les bassins de la Senne, de la Dyle et de la Gette, cette mise en œuvre est abordée dans le cadre d’une concertation transfrontalière sur l’eau (GOW).</p>
<h4>Des groupes d’experts y stimulent l’échange de connaissances</h4>
<p><span lang="FR-BE">Depuis les balbutiements de ce projet, plusieurs groupes de pilotage et d’experts se sont réunis. Des groupes d’experts ont été constitués autour de différents thèmes, dont les polluants spécifiques de bassins hydrographiques (1), l’analyse GAP  pour l’agriculture (2) et les anomalies (3). Ils ont pour vocation d’échanger leurs connaissances sur ces sujets particuliers afin d’examiner de quelle manière la politique dans ce domaine peut être davantage harmonisée dans les trois Régions.</span></p>
<p><span lang="FR-BE">La concertation transfrontalière sur l’eau vise à promouvoir l’échange de connaissances et d’expertise dans la lutte contre les espèces exotiques (ex. : la Balsamine de l’Himalaya), la gestion du volume d’eau (inondations et sécheresse), la protection des espèces animales (ex. : le castor d’Europe) et la planification et le suivi des infrastructures d’assainissement, les stations d’épuration, etc., entre les autorités régionales compétentes et les parties prenantes à l’échelle locale (ex. : Contrat de Rivière, Intercommunale du Brabant wallon, la province du Brabant flamand, Regionaal Landschap…).</span></p>
<p><strong>Vers une analyse commune de la pression et de l’impact</strong></p>
<p>Un groupe d’experts s’est constitué au sein du VMM, de la DGO3 et de Bruxelles Environnement afin d’effectuer une analyse transfrontalière mieux coordonnée de la pression et de l’impact. Dans un premier temps, les données et les modèles régionaux sont comparés et évalués. Les charges qui transitent par les rivières transrégionales sont comparées et documentées (la Lys, la Dendre, l’Escaut, la Senne, la Dyle, la Lasne et la Gette). Nous nous focalisons ensuite sur les émissions d’azote, de HAP et de cadmium. À l’aune de cette étude comparative, nous élaborons une stratégie qui fait office d’étude pilote pour le bassin de la Senne.</p>
</div>
</section>
<div class="avia-image-container av-styling- avia-builder-el-4 el_after_av_textblock el_before_av_social_share avia-align-center ">
<div class="avia-image-container-inner"><img decoding="async" class="avia_image lazyload" title="waterlandschap" data-src="https://life-belini.be/wp-content/uploads/2017/08/Untitled-design-12-1500x430.png" alt="" src="data:image/svg+xml;base64,PHN2ZyB3aWR0aD0iMSIgaGVpZ2h0PSIxIiB4bWxucz0iaHR0cDovL3d3dy53My5vcmcvMjAwMC9zdmciPjwvc3ZnPg==" style="--smush-placeholder-width: 1500px; --smush-placeholder-aspect-ratio: 1500/430;" /></div>
</div>

<p>La Flandre, Bruxelles et la Wallonie gèrent indépendamment la mise en œuvre de la directive-cadre du l’eau. Une meilleure coopération entre les Régions devrait aboutir à de meilleurs résultats.</p>

<!-- This site is optimized with the Yoast SEO plugin v27.4 - https://yoast.com/product/yoast-seo-wordpress/ -->
<title>Politique - LIFE Belini</title>
<meta name="robots" content="index, follow, max-snippet:-1, max-image-preview:large, max-video-preview:-1" />
<link rel="canonical" href="https://www.life-belini.be/fr/portfolio-item/politique/" />
<meta property="og:locale" content="fr_FR" />
<meta property="og:type" content="article" />
<meta property="og:title" content="Politique - LIFE Belini" />
<meta property="og:description" content="La Flandre, Bruxelles et la Wallonie gèrent indépendamment la mise en œuvre de la directive-cadre du l’eau. Une meilleure coopération entre les Régions devrait aboutir à de meilleurs résultats." />
<meta property="og:url" content="https://www.life-belini.be/fr/portfolio-item/politique/" />
<meta property="og:site_name" content="LIFE Belini" />
<meta property="article:modified_time" content="2021-02-10T10:18:38+00:00" />
<meta property="og:image" content="https://www.life-belini.be/wp-content/uploads/2017/06/IMG_9075.jpg" />
	<meta property="og:image:width" content="1500" />
	<meta property="og:image:height" content="1000" />
	<meta property="og:image:type" content="image/jpeg" />
<meta name="twitter:card" content="summary_large_image" />
<meta name="twitter:label1" content="Durée de lecture estimée" />
	<meta name="twitter:data1" content="3 minutes" />
<script type="application/ld+json" class="yoast-schema-graph">{"@context":"https:\/\/schema.org","@graph":[{"@type":"WebPage","@id":"https:\/\/www.life-belini.be\/fr\/portfolio-item\/politique\/","url":"https:\/\/www.life-belini.be\/fr\/portfolio-item\/politique\/","name":"Politique - LIFE Belini","isPartOf":{"@id":"https:\/\/www.life-belini.be\/nl\/#website"},"primaryImageOfPage":{"@id":"https:\/\/www.life-belini.be\/fr\/portfolio-item\/politique\/#primaryimage"},"image":{"@id":"https:\/\/www.life-belini.be\/fr\/portfolio-item\/politique\/#primaryimage"},"thumbnailUrl":"https:\/\/www.life-belini.be\/wp-content\/uploads\/2017\/06\/IMG_9075.jpg","datePublished":"2018-02-01T11:15:59+00:00","dateModified":"2021-02-10T10:18:38+00:00","breadcrumb":{"@id":"https:\/\/www.life-belini.be\/fr\/portfolio-item\/politique\/#breadcrumb"},"inLanguage":"fr-FR","potentialAction":[{"@type":"ReadAction","target":["https:\/\/www.life-belini.be\/fr\/portfolio-item\/politique\/"]}]},{"@type":"ImageObject","inLanguage":"fr-FR","@id":"https:\/\/www.life-belini.be\/fr\/portfolio-item\/politique\/#primaryimage","url":"https:\/\/www.life-belini.be\/wp-content\/uploads\/2017\/06\/IMG_9075.jpg","contentUrl":"https:\/\/www.life-belini.be\/wp-content\/uploads\/2017\/06\/IMG_9075.jpg","width":1500,"height":1000},{"@type":"BreadcrumbList","@id":"https:\/\/www.life-belini.be\/fr\/portfolio-item\/politique\/#breadcrumb","itemListElement":[{"@type":"ListItem","position":1,"name":"Home","item":"https:\/\/www.life-belini.be\/fr\/home-2\/"},{"@type":"ListItem","position":2,"name":"Politique"}]},{"@type":"WebSite","@id":"https:\/\/www.life-belini.be\/nl\/#website","url":"https:\/\/www.life-belini.be\/nl\/","name":"LIFE Belini","description":"Belgian initiative for making a leap forward towards good status in the river basin district of the Scheldt","potentialAction":[{"@type":"SearchAction","target":{"@type":"EntryPoint","urlTemplate":"https:\/\/www.life-belini.be\/nl\/?s={search_term_string}"},"query-input":{"@type":"PropertyValueSpecification","valueRequired":true,"valueName":"search_term_string"}}],"inLanguage":"fr-FR"}]}</script>
<!-- / Yoast SEO plugin. -->

La Flandre, Bruxelles et la Wallonie gèrent indépendamment la mise en œuvre de la directive-cadre du l’eau. Une meilleure coopération entre les Régions devrait aboutir à de meilleurs résultats.
