{"id":8785,"date":"2024-10-23T13:02:59","date_gmt":"2024-10-23T13:02:59","guid":{"rendered":"https:\/\/www.life-belini.be\/over-ons-2024\/"},"modified":"2024-11-06T21:00:07","modified_gmt":"2024-11-06T21:00:07","slug":"a-propos-de-nous","status":"publish","type":"page","link":"https:\/\/www.life-belini.be\/fr\/a-propos-de-nous\/","title":{"rendered":"A propos de nous"},"content":{"rendered":"<p><strong>La qualit\u00e9 des cours d&rsquo;eau belges s&rsquo;est grandement am\u00e9lior\u00e9e au cours des 30 derni\u00e8res ann\u00e9es, mais le dernier kilom\u00e8tre est le plus difficile.<\/strong> <strong>Avec LIFE Belini (BELgian INItiative to make a leap forward to a good ecological status&rsquo;), nous d\u00e9ployons des moyens suppl\u00e9mentaires de l&rsquo;Europe dans le bassin de la Dijle, de la Zenne et de la Demer pour amener la qualit\u00e9 de l&rsquo;eau \u00e0 un bon \u00e9tat \u00e9cologique.<\/strong> <strong>Le projet, qui s&rsquo;\u00e9tend de 2016 \u00e0 2026, est r\u00e9alis\u00e9 pour le compte de la Commission europ\u00e9enne dans le cadre du programme LIFE Projets int\u00e9gr\u00e9s pour les projets environnementaux strat\u00e9giques et \u00e0 grande \u00e9chelle.<\/strong><\/p>\n","protected":false},"excerpt":{"rendered":"<p>La qualit\u00e9 des cours d&rsquo;eau belges s&rsquo;est grandement am\u00e9lior\u00e9e au cours des 30 derni\u00e8res ann\u00e9es, mais le dernier kilom\u00e8tre est le plus difficile. Avec LIFE Belini (BELgian INItiative to make [&hellip;]<\/p>\n","protected":false},"author":5,"featured_media":0,"parent":0,"menu_order":0,"comment_status":"closed","ping_status":"closed","template":"page-over-ons.php","meta":{"_acf_changed":false,"_exactmetrics_skip_tracking":false,"_exactmetrics_sitenote_active":false,"_exactmetrics_sitenote_note":"","_exactmetrics_sitenote_category":0,"footnotes":""},"class_list":["post-8785","page","type-page","status-publish","hentry"],"acf":[],"yoast_head":"<!-- This site is optimized with the Yoast SEO plugin v27.4 - https:\/\/yoast.com\/product\/yoast-seo-wordpress\/ -->\n<title>A propos de nous - LIFE Belini<\/title>\n<meta name=\"description\" content=\"Wat is LIFE Belini? Acht Belgische partners bundelen binnen dit project hun krachten om de Belgische waterlopen sterk te verbeteren.\" \/>\n<meta name=\"robots\" content=\"index, follow, max-snippet:-1, max-image-preview:large, max-video-preview:-1\" \/>\n<link rel=\"canonical\" href=\"https:\/\/www.life-belini.be\/fr\/a-propos-de-nous\/\" \/>\n<meta property=\"og:locale\" content=\"fr_FR\" \/>\n<meta property=\"og:type\" content=\"article\" \/>\n<meta property=\"og:title\" content=\"A propos de nous - LIFE Belini\" \/>\n<meta property=\"og:description\" content=\"Wat is LIFE Belini? Acht Belgische partners bundelen binnen dit project hun krachten om de Belgische waterlopen sterk te verbeteren.\" \/>\n<meta property=\"og:url\" content=\"https:\/\/www.life-belini.be\/fr\/a-propos-de-nous\/\" \/>\n<meta property=\"og:site_name\" content=\"LIFE Belini\" \/>\n<meta property=\"article:modified_time\" content=\"2024-11-06T21:00:07+00:00\" \/>\n<meta name=\"twitter:card\" content=\"summary_large_image\" \/>\n<meta name=\"twitter:label1\" content=\"Dur\u00e9e de lecture estim\u00e9e\" \/>\n\t<meta name=\"twitter:data1\" content=\"1 minute\" \/>\n<script type=\"application\/ld+json\" class=\"yoast-schema-graph\">{\"@context\":\"https:\\\/\\\/schema.org\",\"@graph\":[{\"@type\":\"WebPage\",\"@id\":\"https:\\\/\\\/www.life-belini.be\\\/fr\\\/a-propos-de-nous\\\/\",\"url\":\"https:\\\/\\\/www.life-belini.be\\\/fr\\\/a-propos-de-nous\\\/\",\"name\":\"A propos de nous - LIFE Belini\",\"isPartOf\":{\"@id\":\"https:\\\/\\\/www.life-belini.be\\\/nl\\\/#website\"},\"datePublished\":\"2024-10-23T13:02:59+00:00\",\"dateModified\":\"2024-11-06T21:00:07+00:00\",\"description\":\"Wat is LIFE Belini? Acht Belgische partners bundelen binnen dit project hun krachten om de Belgische waterlopen sterk te verbeteren.\",\"breadcrumb\":{\"@id\":\"https:\\\/\\\/www.life-belini.be\\\/fr\\\/a-propos-de-nous\\\/#breadcrumb\"},\"inLanguage\":\"fr-FR\",\"potentialAction\":[{\"@type\":\"ReadAction\",\"target\":[\"https:\\\/\\\/www.life-belini.be\\\/fr\\\/a-propos-de-nous\\\/\"]}]},{\"@type\":\"BreadcrumbList\",\"@id\":\"https:\\\/\\\/www.life-belini.be\\\/fr\\\/a-propos-de-nous\\\/#breadcrumb\",\"itemListElement\":[{\"@type\":\"ListItem\",\"position\":1,\"name\":\"Home\",\"item\":\"https:\\\/\\\/www.life-belini.be\\\/fr\\\/home-2\\\/\"},{\"@type\":\"ListItem\",\"position\":2,\"name\":\"A propos de nous\"}]},{\"@type\":\"WebSite\",\"@id\":\"https:\\\/\\\/www.life-belini.be\\\/nl\\\/#website\",\"url\":\"https:\\\/\\\/www.life-belini.be\\\/nl\\\/\",\"name\":\"LIFE Belini\",\"description\":\"Belgian initiative for making a leap forward towards good status in the river basin district of the Scheldt\",\"potentialAction\":[{\"@type\":\"SearchAction\",\"target\":{\"@type\":\"EntryPoint\",\"urlTemplate\":\"https:\\\/\\\/www.life-belini.be\\\/nl\\\/?s={search_term_string}\"},\"query-input\":{\"@type\":\"PropertyValueSpecification\",\"valueRequired\":true,\"valueName\":\"search_term_string\"}}],\"inLanguage\":\"fr-FR\"}]}<\/script>\n<!-- \/ Yoast SEO plugin. -->","yoast_head_json":{"title":"A propos de nous - LIFE Belini","description":"Wat is LIFE Belini? Acht Belgische partners bundelen binnen dit project hun krachten om de Belgische waterlopen sterk te verbeteren.","robots":{"index":"index","follow":"follow","max-snippet":"max-snippet:-1","max-image-preview":"max-image-preview:large","max-video-preview":"max-video-preview:-1"},"canonical":"https:\/\/www.life-belini.be\/fr\/a-propos-de-nous\/","og_locale":"fr_FR","og_type":"article","og_title":"A propos de nous - LIFE Belini","og_description":"Wat is LIFE Belini? Acht Belgische partners bundelen binnen dit project hun krachten om de Belgische waterlopen sterk te verbeteren.","og_url":"https:\/\/www.life-belini.be\/fr\/a-propos-de-nous\/","og_site_name":"LIFE Belini","article_modified_time":"2024-11-06T21:00:07+00:00","twitter_card":"summary_large_image","twitter_misc":{"Dur\u00e9e de lecture estim\u00e9e":"1 minute"},"schema":{"@context":"https:\/\/schema.org","@graph":[{"@type":"WebPage","@id":"https:\/\/www.life-belini.be\/fr\/a-propos-de-nous\/","url":"https:\/\/www.life-belini.be\/fr\/a-propos-de-nous\/","name":"A propos de nous - LIFE Belini","isPartOf":{"@id":"https:\/\/www.life-belini.be\/nl\/#website"},"datePublished":"2024-10-23T13:02:59+00:00","dateModified":"2024-11-06T21:00:07+00:00","description":"Wat is LIFE Belini? Acht Belgische partners bundelen binnen dit project hun krachten om de Belgische waterlopen sterk te verbeteren.","breadcrumb":{"@id":"https:\/\/www.life-belini.be\/fr\/a-propos-de-nous\/#breadcrumb"},"inLanguage":"fr-FR","potentialAction":[{"@type":"ReadAction","target":["https:\/\/www.life-belini.be\/fr\/a-propos-de-nous\/"]}]},{"@type":"BreadcrumbList","@id":"https:\/\/www.life-belini.be\/fr\/a-propos-de-nous\/#breadcrumb","itemListElement":[{"@type":"ListItem","position":1,"name":"Home","item":"https:\/\/www.life-belini.be\/fr\/home-2\/"},{"@type":"ListItem","position":2,"name":"A propos de nous"}]},{"@type":"WebSite","@id":"https:\/\/www.life-belini.be\/nl\/#website","url":"https:\/\/www.life-belini.be\/nl\/","name":"LIFE Belini","description":"Belgian initiative for making a leap forward towards good status in the river basin district of the Scheldt","potentialAction":[{"@type":"SearchAction","target":{"@type":"EntryPoint","urlTemplate":"https:\/\/www.life-belini.be\/nl\/?s={search_term_string}"},"query-input":{"@type":"PropertyValueSpecification","valueRequired":true,"valueName":"search_term_string"}}],"inLanguage":"fr-FR"}]}},"_links":{"self":[{"href":"https:\/\/www.life-belini.be\/fr\/wp-json\/wp\/v2\/pages\/8785","targetHints":{"allow":["GET"]}}],"collection":[{"href":"https:\/\/www.life-belini.be\/fr\/wp-json\/wp\/v2\/pages"}],"about":[{"href":"https:\/\/www.life-belini.be\/fr\/wp-json\/wp\/v2\/types\/page"}],"author":[{"embeddable":true,"href":"https:\/\/www.life-belini.be\/fr\/wp-json\/wp\/v2\/users\/5"}],"replies":[{"embeddable":true,"href":"https:\/\/www.life-belini.be\/fr\/wp-json\/wp\/v2\/comments?post=8785"}],"version-history":[{"count":12,"href":"https:\/\/www.life-belini.be\/fr\/wp-json\/wp\/v2\/pages\/8785\/revisions"}],"predecessor-version":[{"id":8877,"href":"https:\/\/www.life-belini.be\/fr\/wp-json\/wp\/v2\/pages\/8785\/revisions\/8877"}],"wp:attachment":[{"href":"https:\/\/www.life-belini.be\/fr\/wp-json\/wp\/v2\/media?parent=8785"}],"curies":[{"name":"wp","href":"https:\/\/api.w.org\/{rel}","templated":true}]}}

<p><strong>La qualité des cours d&rsquo;eau belges s&rsquo;est grandement améliorée au cours des 30 dernières années, mais le dernier kilomètre est le plus difficile.</strong> <strong>Avec LIFE Belini (BELgian INItiative to make a leap forward to a good ecological status&rsquo;), nous déployons des moyens supplémentaires de l&rsquo;Europe dans le bassin de la Dijle, de la Zenne et de la Demer pour amener la qualité de l&rsquo;eau à un bon état écologique.</strong> <strong>Le projet, qui s&rsquo;étend de 2016 à 2026, est réalisé pour le compte de la Commission européenne dans le cadre du programme LIFE Projets intégrés pour les projets environnementaux stratégiques et à grande échelle.</strong></p>

<p>La qualité des cours d&rsquo;eau belges s&rsquo;est grandement améliorée au cours des 30 dernières années, mais le dernier kilomètre est le plus difficile. Avec LIFE Belini (BELgian INItiative to make [&hellip;]</p>

<!-- This site is optimized with the Yoast SEO plugin v27.4 - https://yoast.com/product/yoast-seo-wordpress/ -->
<title>A propos de nous - LIFE Belini</title>
<meta name="description" content="Wat is LIFE Belini? Acht Belgische partners bundelen binnen dit project hun krachten om de Belgische waterlopen sterk te verbeteren." />
<meta name="robots" content="index, follow, max-snippet:-1, max-image-preview:large, max-video-preview:-1" />
<link rel="canonical" href="https://www.life-belini.be/fr/a-propos-de-nous/" />
<meta property="og:locale" content="fr_FR" />
<meta property="og:type" content="article" />
<meta property="og:title" content="A propos de nous - LIFE Belini" />
<meta property="og:description" content="Wat is LIFE Belini? Acht Belgische partners bundelen binnen dit project hun krachten om de Belgische waterlopen sterk te verbeteren." />
<meta property="og:url" content="https://www.life-belini.be/fr/a-propos-de-nous/" />
<meta property="og:site_name" content="LIFE Belini" />
<meta property="article:modified_time" content="2024-11-06T21:00:07+00:00" />
<meta name="twitter:card" content="summary_large_image" />
<meta name="twitter:label1" content="Durée de lecture estimée" />
	<meta name="twitter:data1" content="1 minute" />
<script type="application/ld+json" class="yoast-schema-graph">{"@context":"https:\/\/schema.org","@graph":[{"@type":"WebPage","@id":"https:\/\/www.life-belini.be\/fr\/a-propos-de-nous\/","url":"https:\/\/www.life-belini.be\/fr\/a-propos-de-nous\/","name":"A propos de nous - LIFE Belini","isPartOf":{"@id":"https:\/\/www.life-belini.be\/nl\/#website"},"datePublished":"2024-10-23T13:02:59+00:00","dateModified":"2024-11-06T21:00:07+00:00","description":"Wat is LIFE Belini? Acht Belgische partners bundelen binnen dit project hun krachten om de Belgische waterlopen sterk te verbeteren.","breadcrumb":{"@id":"https:\/\/www.life-belini.be\/fr\/a-propos-de-nous\/#breadcrumb"},"inLanguage":"fr-FR","potentialAction":[{"@type":"ReadAction","target":["https:\/\/www.life-belini.be\/fr\/a-propos-de-nous\/"]}]},{"@type":"BreadcrumbList","@id":"https:\/\/www.life-belini.be\/fr\/a-propos-de-nous\/#breadcrumb","itemListElement":[{"@type":"ListItem","position":1,"name":"Home","item":"https:\/\/www.life-belini.be\/fr\/home-2\/"},{"@type":"ListItem","position":2,"name":"A propos de nous"}]},{"@type":"WebSite","@id":"https:\/\/www.life-belini.be\/nl\/#website","url":"https:\/\/www.life-belini.be\/nl\/","name":"LIFE Belini","description":"Belgian initiative for making a leap forward towards good status in the river basin district of the Scheldt","potentialAction":[{"@type":"SearchAction","target":{"@type":"EntryPoint","urlTemplate":"https:\/\/www.life-belini.be\/nl\/?s={search_term_string}"},"query-input":{"@type":"PropertyValueSpecification","valueRequired":true,"valueName":"search_term_string"}}],"inLanguage":"fr-FR"}]}</script>
<!-- / Yoast SEO plugin. -->
